 the tens digit of z?
4
Let a(w) = w**2. Let h(s) = -3*s**2 + 4*s - 2. Let o(f) = -2*a(f) - h(f). Let b be o(4). Suppose -b*x + 0*x = -66. What is the units digit of x?
3
Suppose 4*o + 2*a - 52 = 0, -3*o + 26 + 19 = 3*a. What is the units digit of o?
1
What is the units digit of (925/10 + -1)/((-1)/(-2))?
3
Suppose 27*d - 26*d + 10 = 0. Let t = d + 153. What is the units digit of t?
3
Suppose 5*t + 10 - 5 = 0. Let f be -1 + t + 2 - 2. What is the tens digit of f - (-4)/1 - -32?
3
Suppose 5*y + 581 = 3*p, -3*p = p - 5*y - 783. What is the hundreds digit of p?
2
Suppose -72180 = -8*q - 28*q. What is the hundreds digit of q?
0
Let z(q) be the first derivative of q**4/4 - q**3 - 12*q - 44. What is the tens digit of z(6)?
9
Let d be 26/91 - 1676/(-14). Suppose -d = -2*t - 2*t + 2*a, 0 = -2*t + 3*a + 68. What is the tens digit of ((-8)/t)/((-3)/273)?
2
Let r(z) = 3*z**3 - 3*z - 1. Let u be r(4). Suppose 53*i = 52*i + u. What is the hundreds digit of i?
1
Suppose 6*a - 32296 = -5*a. What is the thousands digit of a?
2
Let d = 1469 - 1031. What is the hundreds digit of d?
4
Suppose 3*p - 4*p - 3 = -2*g, 0 = -5*g. What is the hundreds digit of -1 - p/1*59?
1
Suppose r - 10 = -r. Suppose 0 = 5*b + 5*c - 490, -b - r*c + 181 = b. Suppose b + 1 = 2*d. What is the tens digit of d?
5
Suppose -3*y + 46 = -c + 18, -2*y + 3*c = -28. Let z = 11 - 17. What is the units digit of (z/y)/((-2)/48)?
8
Suppose w = -4*w - 5*u - 30, 80 = -5*w + 5*u. Let f(t) = -9 - 2*t**2 + 11*t + 3*t**2 + 13. What is the units digit of f(w)?
4
Let g = 21 + -1. Suppose y = -4*y - g. What is the tens digit of (1 + 6/y)*-34?
1
Suppose 23 = 7*a + 79. What is the units digit of -42*a/12 + 2*-1?
6
Let t = -11 + 11. Suppose 0 = 2*c - 4*k - 128, c + t*k - 62 = k. Suppose 4*n + n - c = 0. What is the units digit of n?
2
Let n be 26/3 + (-10)/6. What is the units digit of 26/n + (-50)/(-175)?
4
Suppose -x + 16 = -j + 4*x, -2*x + 10 = 0. Let d(s) be the third derivative of -s**5/60 + 5*s**4/12 + 5*s**3/6 - 10*s**2. What is the tens digit of d(j)?
1
Let o be 110/12 + (69/18 - 4). Suppose -7*i + o*i - 212 = 0. What is the units digit of i?
6
Suppose -2*n = -3*c - n + 7517, -2*c = -5*n - 5020. What is the units digit of c?
5
Let l(d) be the second derivative of d**4/6 + 8*d**3/3 - 12*d**2 + 25*d. What is the tens digit of l(-14)?
4
Suppose -3*u + 2 + 7 = 0. Suppose 0 = u*c - 6*c + 3. What is the units digit of 11 - -42 - c*-1?
4
Let i = -17 + 51. Suppose -6 = -28*r + 26*r. Suppose x - 3*x + i = -r*y, 6 = 3*y. What is the units digit of x?
0
Let v(a) = -195*a - 8. What is the units digit of v(-1)?
7
Let g(y) = -5*y**2 + 4*y - 3. Let s be g(2). Let c = s + 81. What is the units digit of c?
6
Let q = -123 + 346. Let b = q - 147. What is the tens digit of b?
7
Let t(s) = 2*s**3 + 39*s**2 - 7*s + 21. What is the hundreds digit of t(-19)?
5
Let q = -2 + 5. Suppose i - 90 = -y, -25*i = y - 21*i - 93. Suppose 13 = q*m - y. What is the units digit of m?
4
Let z(x) = -395*x + 11. Let l be z(2). Let j = -449 - l. What is the hundreds digit of j?
3
Let g(u) = -203*u - 86. What is the tens digit of g(-7)?
3
Let p = -68 + -550. What is the tens digit of 1*p/3*(-1)/2?
0
Suppose -83 = 6*t - 677. Suppose 2*q - t = 11. What is the tens digit of q?
5
Let x be 3*(50/(-3) - 1). Let n = 80 + x. What is the tens digit of n?
2
Let b(a) = -121*a + 19. What is the units digit of b(-3)?
2
Let y(s) = -s**3 - 2*s**2 - 43*s + 9. What is the hundreds digit of y(-6)?
4
Suppose 46*u - 10 = 41*u. Suppose j - 12 = -u*j. What is the units digit of j/(16/(-158))*-2?
9
What is the units digit of (7/21)/(-1*1/(-12))?
4
Suppose -t + 4*t - 135 = 0. Let k = 72 - t. What is the units digit of k?
7
Let t = 61 + -20. Let c = -193 - -258. Let n = c - t. What is the units digit of n?
4
Suppose -2 = -y + 1. Let n be y/(-6) - (-3)/2. What is the units digit of (n + 1)*(-2)/(-2)?
2
Let y be 77/(-22) - 1/(-2). Suppose 3*o - 47 = o - 3*m, -105 = -4*o + 5*m. Let v = o + y. What is the units digit of v?
2
Let u = -553 + 1128. What is the tens digit of u?
7
Let d(m) = -4*m**3 - 43*m**2 + 49*m + 4. What is the thousands digit of d(-15)?
3
Suppose -9140 = -4*n - 9*f + 13*f, 4*n - 5*f = 9142. What is the tens digit of n?
8
Suppose 4*v - 66 = v. Suppose v + 30 = r. What is the units digit of r?
2
Let b(a) be the third derivative of a**6/120 - a**5/12 - a**4/4 + 5*a**3/3 - 13*a**2. What is the units digit of b(7)?
6
Suppose 5*t = 23*t - 3492. What is the units digit of t?
4
Let o be 10 - 20 - (-4)/(-1). Let d(a) = a**2 + 4*a + 8. What is the hundreds digit of d(o)?
1
Let v = -30 + 34. Suppose 3*d + v*m - 259 = -26, -4*d - m + 289 = 0. What is the tens digit of d?
7
Let k(m) = m**2 - 12*m + 83. What is the hundreds digit of k(26)?
4
Let u(d) = 349*d + 325. What is the hundreds digit of u(7)?
7
Let p be (6/(-10))/((-7)/35). What is the units digit of -6*p/(12/(-14))?
1
What is the tens digit of 1/10 + (-1619)/(-10)?
6
Suppose 2*o + 3*s = o + 3, 2*o - 4 = -4*s. Suppose 4*v = 5*u - o*v - 327, -u + 69 = -2*v. What is the units digit of u?
3
Suppose -u + 4 = -0*u. Suppose 0 = -2*x + 3*x - u. Suppose -3*c - 4*t = -5*t - 56, 4*t + 88 = x*c. What is the tens digit of c?
1
Let w(s) = -s**3 + 8*s**2 - 10*s + 19. Let k(f) = f**3 - 7*f**2 + 11*f - 18. Let x(q) = 4*k(q) + 3*w(q). What is the tens digit of x(6)?
4
Let n(f) = -f**2 + 7*f - 6. Let x be n(6). Suppose -2*s + 0*s + 3*h + 33 = x, -20 = -5*s - 5*h. Let a = 7 + s. What is the units digit of a?
6
Let i be (-2)/10 + 92/10. Suppose -346 = -i*a + 338. What is the tens digit of a?
7
Let x = 386 + -314. What is the tens digit of x?
7
Let t(c) = 3*c - 39. Let z be t(7). Suppose h - 2*g = -3*g + 55, 0 = -3*h - 5*g + 159. Let s = z + h. What is the units digit of s?
0
Suppose -8*p = -4*p + 172. Let s = p - -24. Let r = 65 + s. What is the tens digit of r?
4
Let q(u) = -u**3 - 14*u**2 - 12*u + 24. Let j = -127 - -113. What is the units digit of q(j)?
2
Let p(y) = -1. Let b(i) = 33*i + 1. Let r(h) = -b(h) + p(h). Let c be r(3). Let q = -58 - c. What is the tens digit of q?
4
Let p be (-6)/9*(37 + 2). Let c = 47 + p. Suppose 4*f - 3*s = 108, 2*s = 4*f - c - 87. What is the tens digit of f?
2
Let i be 1210/(-70) + (-4)/(-14). Let g = 102 + -47. Let l = g + i. What is the tens digit of l?
3
Suppose 555*q + 18 = 553*q. Let j(v) = -5 - v + 7 + 7. What is the tens digit of j(q)?
1
Suppose 4*p - 1890 = 5*v, -4*p + 471 = -3*p - 2*v. What is the tens digit of p?
7
Let s(l) = 20*l**2 + 7*l + 5. Let a be s(-5). Suppose 0 = 5*m - 4*g - a, -3*g - 398 - 77 = -5*m. Suppose -5*t + m = 18. What is the units digit of t?
6
Let f = 23 - 7. Let j be 864/(-5) - f/(-20). What is the tens digit of (j/8)/(2/(-4))?
4
Let h(l) = -2*l**3 + 11*l**2 - 35*l + 47. Let z(r) = -r**3 + 6*r**2 - 17*r + 23. Let u(f) = 2*h(f) - 5*z(f). What is the units digit of u(9)?
5
Suppose -2*d + 6*d = 5*u - 1651, -2*d = -2*u + 660. Let o = -228 + u. Suppose 5*r + 2*z = o, 0 = 4*r + 4*z - 115 + 35. What is the units digit of r?
1
Let r(y) = -21*y + 31*y - 6 - y**3 + 0*y**2 + 6*y**2. Let u(j) = j**3 - 6*j**2 - 11*j + 6. Let x(f) = -3*r(f) - 2*u(f). What is the tens digit of x(8)?
7
Let o(r) = 20 - 10*r - r**2 + 26 - 6. What is the tens digit of o(-9)?
4
Suppose 3*q + 28 + 17 = 0. Let c be 3*q/(-6)*4. Suppose -2*t + c + 26 = 0. What is the units digit of t?
8
Suppose 10 = -0*t + 5*t. Suppose -t*m + 1 = -7. What is the units digit of (-1)/m*(0 - 4)?
1
What is the tens digit of (-727)/(-4*6/24)?
2
Suppose -4*z - 34 = -2*o, 30 = o - 3*z + 10. Suppose 620 = o*c - 7*c. What is the hundreds digit of c?
1
Suppose 0 = g - 401 + 72. Let d = g + -191. What is the units digit of d?
8
Let y(n) = 3*n**2 - 28*n - 11. Let i(x) = -10*x**2 + 84*x + 33. Let r(w) = -2*i(w) - 7*y(w). What is the hundreds digit of r(22)?
1
Suppose 2*d - 3*u = 59, d + 4*u = 4*d - 91. What is the units digit of (d - 2) + 1 - 4?
2
Let m = 27 - 23. Suppose -5*t + 2*t - 67 = -h, 0 = 4*h + m*t - 348. What is the tens digit of h?
8
Let c(m) = 2*m**2 - 2*m - 2. Let n = -4 + 6. Let t be c(n). Suppose 3*l - 6 = -y + 19, -t*y - 3*l + 41 = 0. What is the tens digit of y?
1
Let w be -4*(-3 + -1)/4. Suppose 3*t + 9 = -3*p, -4*t + 28 = -0*p - w*p. Suppose t*q + 46 = 4*k, -4*k + k + 3*q = -36. What is the units digit of k?
1